 of 572 and 52?
52
What is the highest common divisor of 25 and 1?
1
Calculate the highest common divisor of 82 and 2.
2
What is the greatest common divisor of 203 and 84?
7
What is the highest common divisor of 3346 and 56?
14
Calculate the greatest common divisor of 40 and 495.
5
Calculate the highest common divisor of 336 and 48.
48
Calculate the highest common divisor of 85 and 2431.
17
What is the greatest common divisor of 210 and 126?
42
Calculate the highest common divisor of 117 and 260.
13
Calculate the highest common factor of 143 and 4407.
13
What is the greatest common divisor of 78 and 312?
78
What is the greatest common factor of 354 and 236?
118
What is the highest common divisor of 5616 and 648?
216
Calculate the highest common factor of 124 and 62.
62
Calculate the highest common divisor of 6 and 426.
6
Calculate the highest common factor of 72981 and 81.
81
Calculate the greatest common factor of 5397 and 21.
21
What is the greatest common factor of 1827 and 49?
7
Calculate the highest common divisor of 6985 and 55.
55
Calculate the highest common divisor of 9 and 432.
9
What is the highest common divisor of 13 and 1417?
13
Calculate the greatest common divisor of 38 and 1102.
38
Calculate the highest common divisor of 117 and 897.
39
What is the highest common divisor of 1001 and 33?
11
What is the greatest common factor of 16459 and 453?
151
Calculate the highest common factor of 2376 and 540.
108
Calculate the highest common divisor of 64 and 10448.
16
Calculate the highest common divisor of 138 and 115.
23
Calculate the greatest common divisor of 66 and 1551.
33
What is the highest common factor of 188 and 47?
47
Calculate the greatest common divisor of 44 and 3014.
22
Calculate the greatest common divisor of 78 and 182.
26
What is the greatest common factor of 384 and 11392?
128
Calculate the highest common factor of 1634 and 38.
38
Calculate the highest common factor of 483 and 21.
21
Calculate the greatest common factor of 3234 and 84.
42
What is the highest common factor of 35 and 2905?
35
What is the highest common factor of 90 and 410?
10
Calculate the highest common factor of 399 and 21.
21
Calculate the greatest common divisor of 2080 and 640.
160
What is the highest common divisor of 3690 and 10?
10
What is the highest common divisor of 45815 and 11?
11
What is the greatest common divisor of 28 and 49?
7
What is the greatest common factor of 4161 and 219?
219
What is the greatest common divisor of 777 and 12?
3
What is the greatest common factor of 2626 and 130?
26
What is the highest common factor of 7890 and 45?
15
Calculate the highest common divisor of 234 and 416.
26
Calculate the highest common factor of 690 and 30.
30
Calculate the greatest common divisor of 450 and 90.
90
What is the greatest common divisor of 25 and 4595?
5
Calculate the highest common factor of 80 and 100.
20
What is the highest common divisor of 414 and 3450?
138
What is the highest common factor of 5859 and 252?
63
What is the highest common divisor of 48 and 136?
8
What is the greatest common factor of 176 and 240?
16
What is the greatest common divisor of 143 and 33?
11
What is the highest common factor of 1403 and 61?
61
Calculate the highest common divisor of 772 and 4.
4
Calculate the highest common factor of 4 and 9428.
4
Calculate the highest common divisor of 86 and 12.
2
Calculate the highest common factor of 1475 and 1180.
295
Calculate the greatest common divisor of 324 and 144.
36
Calculate the highest common factor of 1290 and 4902.
258
What is the greatest common divisor of 810 and 12?
6
Calculate the highest common divisor of 2 and 5.
1
Calculate the highest common factor of 4 and 613.
1
Calculate the highest common divisor of 2583 and 72.
9
What is the highest common factor of 32 and 16?
16
What is the greatest common divisor of 16906 and 158?
158
What is the highest common factor of 100 and 550?
50
What is the highest common factor of 16572 and 12?
12
Calculate the highest common divisor of 760 and 40.
40
What is the highest common divisor of 17496 and 108?
108
What is the greatest common divisor of 3945 and 15?
15
What is the greatest common factor of 1703 and 2489?
131
Calculate the greatest common divisor of 24 and 136.
8
Calculate the highest common factor of 171 and 27.
9
Calculate the highest common divisor of 375 and 105.
15
What is the greatest common factor of 182 and 476?
14
What is the highest common factor of 730 and 584?
146
Calculate the highest common factor of 243 and 270.
27
What is the highest common factor of 666 and 54?
18
What is the highest common factor of 100 and 18950?
50
Calculate the greatest common factor of 36 and 621.
9
Calculate the greatest common factor of 126 and 1106.
14
Calculate the greatest common factor of 1628 and 10989.
407
Calculate the highest common divisor of 189 and 42.
21
Calculate the greatest common factor of 11 and 913.
11
Calculate the greatest common divisor of 60 and 840.
60
What is the greatest common factor of 12 and 132?
12
Calculate the greatest common divisor of 28 and 7238.
14
What is the highest common divisor of 30 and 210?
30
What is the highest common factor of 1784 and 16?
8
Calculate the greatest common factor of 2394 and 1881.
171
What is the highest common factor of 234 and 26?
26
Calculate the greatest common divisor of 1731 and 3.
3
Calculate the greatest common factor of 93 and 12.
3
Calculate the greatest common divisor of 3 and 147.
3
Calculate the highest common factor of 6 and 6.
6
Calculate the highest common divisor of 245 and 49.
49
Calculate the greatest common divisor of 56 and 35.
7
What is the greatest common factor of 208 and 2320?
16
Calculate the greatest common factor of 76 and 54.
2
Calculate the highest common divisor of 7860 and 48.
12
What is the highest common divisor of 117 and 442?
13
What is the greatest common factor of 22 and 341?
11
What is the greatest common factor of 86 and 3827?
43
What is the highest common factor of 759 and 1449?
69
Calculate the greatest common divisor of 131 and 1179.
131
What is the highest common factor of 462 and 77?
77
Calculate the highest common divisor of 24 and 501.
3
Calculate the highest common factor of 48 and 18.
6
What is the highest common divisor of 8 and 1408?
8
Calculate the greatest common factor of 20556 and 36.
36
Calculate the greatest common divisor of 275 and 220.
55
Calculate the highest common factor of 968 and 5687.
121
What is the highest common factor of 13 and 2834?
13
What is the greatest common divisor of 56 and 518?
14
Calculate the greatest common divisor of 45 and 225.
45
What is the greatest common factor of 50 and 350?
50
Calculate the highest common divisor of 58 and 406.
58
Calculate the greatest common factor of 3672 and 136.
136
Calculate the greatest common divisor of 7436 and 78.
26
What is the highest common factor of 368 and 12052?
92
Calculate the highest common factor of 4179 and 84.
21
Calculate the greatest common factor of 138 and 12.
6
Calculate the highest common divisor of 250 and 1150.
50
What is the highest common factor of 210 and 42?
42
Calculate the greatest common divisor of 23 and 391.
23
What is the highest common factor of 6 and 30588?
6
What is the highest common factor of 47 and 89?
1
Calculate the highest common divisor of 551 and 19.
19
Calculate the highest common divisor of 748 and 221.
17
What is the highest common divisor of 500 and 4?
4
What is the highest common divisor of 31 and 26629?
31
Calculate the highest common factor of 130 and 110.
10
What is the highest common factor of 34 and 578?
34
Calculate the highest common factor of 1155 and 2805.
165
Calculate the greatest common factor of 426 and 78.
6
Calculate the greatest common factor of 288 and 636.
12
What is the greatest common divisor of 106 and 689?
53
What is the greatest common factor of 306 and 68?
34
Calculate the highest common divisor of 6 and 177.
3
What is the greatest common divisor of 6 and 141?
3
What is the greatest common divisor of 89 and 3738?
89
Calculate the highest common factor of 161 and 7.
7
Calculate the greatest common divisor of 45 and 120.
15
Calculate the greatest common divisor of 30 and 138.
6
Calculate the greatest common divisor of 1